the highest common factor of 4675 and 649.
11
Calculate the greatest common factor of 19900 and 300.
100
What is the highest common divisor of 3367 and 6097?
91
What is the highest common factor of 26754 and 246?
6
What is the greatest common divisor of 116038 and 3562?
26
What is the highest common divisor of 527 and 10727?
17
What is the highest common divisor of 9328 and 616?
88
Calculate the highest common factor of 6974 and 484.
22
What is the greatest common factor of 223 and 256673?
223
Calculate the highest common divisor of 14513 and 92.
23
What is the highest common factor of 16281 and 8748?
243
Calculate the greatest common divisor of 24 and 471.
3
Calculate the highest common divisor of 9855 and 84105.
135
Calculate the greatest common factor of 76372 and 732.
244
Calculate the greatest common divisor of 52 and 11167.
13
Calculate the greatest common divisor of 204167 and 122.
61
Calculate the greatest common divisor of 112 and 20624.
16
What is the highest common factor of 271784 and 7051?
641
What is the greatest common factor of 637 and 30121?
91
Calculate the greatest common factor of 152 and 159220.
76
Calculate the greatest common factor of 75775 and 26075.
175
What is the greatest common divisor of 15965 and 155?
155
What is the greatest common factor of 298156 and 524?
524
What is the highest common factor of 381314 and 1?
1
What is the greatest common divisor of 610840 and 40?
40
Calculate the highest common divisor of 3384 and 531.
9
Calculate the highest common divisor of 25515 and 17115.
105
Calculate the highest common divisor of 66 and 253781.
11
Calculate the highest common divisor of 57618 and 970.
194
What is the greatest common divisor of 1900 and 69825?
475
Calculate the greatest common divisor of 37629 and 2664.
333
What is the greatest common divisor of 135 and 75303?
27
What is the greatest common factor of 490 and 517195?
245
Calculate the highest common divisor of 31 and 17701.
31
What is the greatest common factor of 145896 and 12?
12
Calculate the highest common divisor of 5751 and 57723.
213
Calculate the highest common divisor of 2196 and 2439.
9
What is the highest common factor of 1313 and 31?
1
What is the highest common factor of 70 and 63790?
10
What is the highest common divisor of 29 and 1081903?
29
What is the greatest common factor of 3510 and 1080?
270
Calculate the highest common factor of 6143940 and 58.
58
What is the greatest common factor of 113160 and 840?
120
Calculate the greatest common factor of 656 and 854768.
656
What is the highest common factor of 4409055 and 315?
315
Calculate the highest common factor of 29029 and 5159.
77
Calculate the highest common factor of 2873 and 208.
13
Calculate the greatest common divisor of 91575 and 25.
25
What is the greatest common divisor of 24875 and 375?
125
What is the highest common factor of 11183 and 53?
53
Calculate the greatest common factor of 9966 and 462.
66
Calculate the greatest common factor of 1056 and 28.
4
What is the greatest common divisor of 256 and 18008?
8
What is the highest common divisor of 155 and 127565?
155
Calculate the greatest common divisor of 30 and 2044410.
30
What is the highest common factor of 589775 and 5?
5
Calculate the greatest common divisor of 4 and 9416.
4
What is the greatest common factor of 431957 and 3748?
937
What is the highest common divisor of 18542 and 68326?
254
Calculate the greatest common factor of 7047 and 2436.
87
Calculate the greatest common factor of 762801 and 39.
39
What is the greatest common divisor of 46 and 132526?
46
Calculate the highest common divisor of 49302 and 891.
297
Calculate the greatest common divisor of 32115 and 120.
15
What is the highest common divisor of 1122 and 572968?
374
Calculate the greatest common divisor of 1139 and 349027.
17
What is the greatest common divisor of 84 and 30072?
84
What is the highest common divisor of 1075 and 14225?
25
What is the greatest common factor of 3216 and 552?
24
Calculate the highest common factor of 7866 and 3059.
437
Calculate the greatest common factor of 50 and 329325.
25
Calculate the greatest common divisor of 1372 and 86534.
98
What is the greatest common divisor of 82726 and 728?
14
What is the highest common divisor of 1240 and 930?
310
Calculate the highest common divisor of 924 and 95788.
308
What is the greatest common factor of 3310 and 160?
10
What is the highest common factor of 39270 and 25670?
170
Calculate the highest common factor of 392491 and 341.
341
Calculate the highest common factor of 470 and 15839.
47
Calculate the highest common factor of 2105 and 27.
1
What is the greatest common factor of 4437 and 58986?
261
Calculate the greatest common divisor of 160 and 36560.
80
Calculate the greatest common factor of 2889 and 13803.
321
Calculate the highest common divisor of 44700 and 700.
100
Calculate the highest common divisor of 31005 and 936.
117
Calculate the highest common factor of 42 and 11403.
21
Calculate the highest common divisor of 275 and 749595.
55
What is the highest common factor of 8 and 4483?
1
Calculate the greatest common divisor of 195 and 423020.
65
What is the greatest common divisor of 286 and 21086?
26
Calculate the highest common divisor of 2808 and 250224.
312
Calculate the greatest common divisor of 356524 and 7252.
196
Calculate the highest common factor of 58 and 10759.
29
Calculate the greatest common factor of 27495 and 19505.
235
Calculate the greatest common factor of 364446 and 1377.
459
Calculate the highest common factor of 20646 and 152706.
186
Calculate the greatest common divisor of 4930 and 170.
170
Calculate the greatest common divisor of 24375 and 45.
15
Calculate the highest common divisor of 3016 and 81780.
116
What is the highest common divisor of 486 and 644922?
486
What is the highest common divisor of 4092 and 396?
132
Calculate the highest common factor of 4386 and 19651.
43
What is the highest common divisor of 6880 and 181890?
430
Calculate the highest common factor of 166464 and 17.
17
Calculate the highest common divisor of 23622 and 7366.
254
Calculate the greatest common factor of 80 and 15230.
10
Calculate the highest common divisor of 60 and 664000.
20
What is the highest common divisor of 233 and 84346?
233
What is the highest common factor of 25550 and 2625?
175
Calculate the highest common factor of 116592 and 336.
336
Calculate the highest common factor of 45881 and 3311.
473
Calculate the highest common factor of 126 and 1814490.
18
What is the greatest common divisor of 1199286 and 14256?
1782
What is the highest common factor of 325797 and 262?
131
Calculate the highest common factor of 9250 and 69750.
250
What is the greatest common divisor of 110500 and 300?
100
Calculate the highest common divisor of 264 and 69256.
88
Calculate the greatest common factor of 14144 and 992.
32
What is the greatest common factor of 5083 and 2431?
221
What is the highest common factor of 15 and 676405?
5
Calculate the greatest common factor of 25296 and 186000.
1488
Calculate the highest common divisor of 195344 and 89252.
1684
What is the highest common factor of 30090569 and 131?
131
Calculate the greatest common factor of 55388 and 7808.
244
What is the highest common divisor of 52392 and 5784?
24
Calculate the highest common factor of 93 and 527.
31
What is the highest common factor of 70 and 12985?
35
What is the greatest common factor of 30660 and 57378?
438
Calculate the greatest common factor of 154112 and 387.
43
Calculate the greatest common factor of 733558 and 2114.
2114
What is the highest common factor of 485682 and 366?
366
Calculate the greatest common divisor of 2227808 and 88.
88
Calculate the highest common divisor of 35629 and 711.
79
What is the greatest common divisor of 10 and 10354?
2
What is the greatest common divisor of 4553 and 841?
29
Calculate the greatest common factor of 1007206 and 2911.
2911
What is the highest common divisor of 188046 and 558?
558
What is the highest common factor of 566485 and 178?
89
Calculate the greatest common divisor of 30 and 636285.
15
Calculate the highest common divisor of 3933 and 7659.
207
Calculate the greatest common divisor of 1591812 and 324.
324
Calculate the highest common divisor of 30